(f) = f**3 - 8*f**2 + 4*f - 27. Let r be z(8). Suppose -r*w + 762 + 318 = 0. Calculate the highest common divisor of w and 24.
24
Let r = 26 - -49. Suppose -133*k = -130*k - 90. What is the highest common factor of k and r?
15
Let b(k) = k**3 + 9*k**2 + 10*k + 25. Let u be b(-8). What is the greatest common factor of u and 15?
3
Let u(n) = 302*n**3 - 5*n**2 + 5*n - 3. Let s be u(1). What is the greatest common divisor of 39 and s?
13
Suppose 55*b + 540 = 31*b + 30*b. Suppose 5*u - 325 + 25 = 0. Calculate the greatest common factor of b and u.
30
Suppose 3*f - 57 + 14 = -o, -5*f + 2*o + 90 = 0. Let j(l) = l**3 + l**2 + 160. Suppose s = 3*s. Let y be j(s). Calculate the highest common factor of y and f.
16
Suppose -4*d = -128 + 112, -2*r - 5*d = -11228. What is the greatest common factor of r and 12?
12
Suppose 5*m + 34 = -71. Let b be (-11 + 10)/(-1 - 0) - m. Calculate the highest common factor of 2 and b.
2
Suppose 0 = 5*m - 142 - 33. Suppose -39*y + 84 = -m*y. Calculate the greatest common factor of y and 147.
21
Let q be (-18)/(-21)*(32 + -4). Let h be ((-136)/6)/((-16)/q). Calculate the highest common divisor of 170 and h.
34
Let f be (-40)/(-15)*6/4. Suppose -3*u - 91 = -f*b, -3*b + u + 82 = -4*u. Suppose -4*k + b = -41. What is the highest common divisor of 15 and k?
15
Let c be 14/(-8) + (-17)/68. Let n = c - -4. Suppose p + n*y + y = 99, -12 = 4*y. Calculate the greatest common factor of p and 27.
27
Suppose 11*g = 28*g - 12716. Calculate the highest common divisor of g and 11.
11
Let n(k) = 4*k - 29. Let x be n(20). Suppose -x = 5*m - 81. What is the greatest common divisor of m and 30?
6
Suppose -o = 2*o - 15. Suppose 0 = -4*h - 8, o*x = 3*h + 424 + 1232. Calculate the highest common factor of x and 33.
33
Let u(n) = -n - 2. Let q be u(-4). Suppose 2*c - 26 = -q. Let s be (-1 - -37)*6/c. What is the greatest common divisor of 36 and s?
18
Let n(d) = -d**2 - 16*d + 67. Let y be n(-17). Calculate the greatest common factor of y and 30.
10
Let b(i) = 4*i**2 + i - 70. Let n be b(5). Calculate the highest common divisor of 10 and n.
5
Suppose 0 = 5*l + 20, -3*a - 116 = 2*l + 63. Let z be (a/(-95))/(2/60). Let v be (-12)/z - (-150)/9. What is the highest common divisor of 48 and v?
16
Let l be 54/(-12)*(-2)/(-3). Let a be 5/((-4)/2 - l). Calculate the greatest common factor of 15 and a.
5
Let z = 1572 - 996. Suppose x - z = -3*x. Suppose -37 = -2*i - 5. Calculate the highest common factor of i and x.
16
Let a be (-6)/18*-2 + (-37)/(-3). Suppose 2*q + 528 = -h + 6*h, -3*h - 3*q = -300. What is the greatest common factor of h and a?
13
Let n = 656 + -526. Calculate the greatest common factor of n and 52.
26
Suppose 2*j - 5*p - 4 = 0, -4*j - 9*p + 10*p + 8 = 0. Calculate the highest common divisor of 10 and j.
2
Suppose 0*m = m - 152. Suppose m = 3*c - c. Calculate the highest common factor of 19 and c.
19
Let x(r) = -r**2 - 7*r + 8. Let n be x(-6). Let w = n + -8. Calculate the highest common factor of w and 3.
3
Let i be ((-8)/(-2))/((-4)/(-10)). Let y be (-8)/(-14)*7/2. Suppose 5*c - y*z + 41 = 101, -z - 5 = 0. Calculate the greatest common factor of c and i.
10
Let t be 60 + (5 - 3)/((-2)/4). What is the highest common factor of t and 8?
8
Suppose 2*z - 284 = -5*f, -58 + 318 = 2*z - f. Suppose 5*g - 7*h - 45 = -4*h, -63 = -4*g - 3*h. What is the greatest common factor of z and g?
12
Let z be (33/(-44))/(((-5)/(-68))/(-5)). What is the greatest common divisor of z and 85?
17
Suppose -6*n + 3*i + 83 = -5*n, 0 = -4*i - 4. What is the highest common factor of 8 and n?
8
Suppose w - 5*w + 140 = 0. Suppose -146 = -42*n + 148. Calculate the greatest common divisor of n and w.
7
Suppose -r = -314 + 124. What is the greatest common factor of r and 38?
38
Let w be 84*(-11)/((-396)/24). Let s = -19 - -27. What is the highest common factor of w and s?
8
Let o be (-2)/8 + 6/(144/102). Suppose b - 16 = -2*s - o*b, -s = -5*b - 38. Calculate the highest common divisor of s and 144.
18
Let l be (-76)/(-57)*6/4. Suppose -4*k - 278 = -l*g, 2*k - 314 = -2*g - 3*k. Calculate the highest common divisor of 7 and g.
7
Let n be (0 - -1)/((-15)/(-45)). Suppose -i - n + 0 = 0. Let h be ((-10)/i)/((-10)/(-165)). Calculate the greatest common divisor of h and 11.
11
Suppose -3*j - 63 = -5*c + 24, 31 = c - 4*j. Calculate the highest common factor of 30 and c.
15
Let r = 82 - 169. Let o = -19 - r. Suppose 4*w + 76 = 4*d, 0*d - 3*d - 3*w + 45 = 0. Calculate the highest common factor of o and d.
17
Let f(l) = -l**3 - 3*l**2 - 3*l - 3. Let k be f(-3). Let j(m) = -m + 7. Let c be j(k). What is the greatest common divisor of c and 8?
1
Suppose -122 = -c - 20. What is the highest common factor of 3 and c?
3
Suppose -2*x + 54 = 4*x. Let a = -11 + 7. Let q = a + 5. What is the greatest common factor of q and x?
1
Let z(j) = 29*j**2. Let a be z(1). Let l = -25 + a. Calculate the highest common factor of 8 and l.
4
Suppose -3*x = -3*n + 4 + 2, 2*x = -4*n - 16. Let g be 30 + x + 6 + 4/(-1). Calculate the greatest common divisor of g and 42.
14
Suppose -25 = -7*z + 3. Suppose z*u = i - 4, -i + 0*u + 2*u + 8 = 0. Calculate the highest common factor of 6 and i.
6
Let t = 10 - 0. Suppose 2*f - f = -2*b + 76, -f + b = -82. What is the greatest common factor of f and t?
10
Let d(f) = 5*f**2 + 2*f - 3. Let l be d(2). Suppose -4*p - 5*q + 99 = 0, -7*p + 3*q = -8*p + 30. What is the highest common divisor of l and p?
21
Let b = -104 + 682. What is the greatest common divisor of 136 and b?
34
Let a = 18 - 10. Let y(j) = -j + 1 + a*j - j - 3*j. Let d be y(5). Calculate the greatest common divisor of 48 and d.
16
Let s = -72 - -79. Suppose m = s*m - 48. What is the highest common divisor of 128 and m?
8
Let f = -16 + 18. Let i be -8*(-3 + 9/4). What is the greatest common divisor of f and i?
2
Let n(x) be the first derivative of 5*x**2 + x - 1. Let s be n(2). Suppose -2*t + 1 + 7 = 4*y, -14 = -4*y + t. What is the greatest common factor of s and y?
3
Suppose 0*v - f = -4*v + 38, 4*v + f = 34. Suppose -v = r - 45. Suppose -4*c + r = -c. Calculate the highest common factor of c and 48.
12
Let l be ((-815)/(-10) - (-2)/4) + -2. Let x(k) = k**3 + 2*k**2 - k - 4. Let s be x(-3). Let r = l + s. Calculate the greatest common factor of r and 10.
10
Let i(g) = 2*g**3 - 4*g**2 - 35*g + 118. Let j be i(4). What is the greatest common factor of j and 112?
14
Let s(h) = -h**3 + 27*h**2 - 80*h. Let w be s(11). Calculate the highest common factor of w and 36.
12
Let b(k) = -k - 5. Let j be b(-5). Suppose j = -5*w - 15, 132 = 5*g - w - 3*w. Calculate the highest common factor of 48 and g.
24
Let h = 1296 + -594. Suppose 5*u = -u + h. What is the highest common factor of u and 13?
13
Let g = -20 + 17. Let i be 8/g*(-28 - 2). Suppose -y - 2*c = -6*c - i, 2*y = -3*c + 116. What is the highest common factor of y and 8?
8
Let k(d) = d**2 + d + 140. Let y be k(-10). Calculate the greatest common divisor of y and 10.
10
Let q = 66 - 31. Suppose 20 - 6 = 2*s. Calculate the greatest common factor of q and s.
7
Let s = -477 + 1509. Calculate the greatest common divisor of 12 and s.
12
Suppose 117 = -2*l + 795. Suppose -2*v + l + 91 = 0. Calculate the greatest common divisor of v and 43.
43
Let h(c) = -7*c + 39. Let v be h(0). Let j = -9 + v. Calculate the highest common divisor of 75 and j.
15
Let z = 735 - 526. Let f be (-2)/((-2)/135*-3). Let a = f + 64. Calculate the highest common factor of a and z.
19
Let d = -11 - -15. Suppose 9*a = -21 + 489. Suppose -a*v + 56*v = 80. What is the highest common divisor of v and d?
4
Suppose 5 + 7 = 4*n. Let o be (-426)/(-16) + ((-414)/48 - -9). Calculate the highest common divisor of o and n.
3
Suppose 32 = 3*z - 5*u, -4*u + 5*u + 28 = 3*z. Calculate the highest common divisor of 279 and z.
9
Suppose 10*t - 78 = 162. What is the greatest common factor of t and 84?
12
Let o(c) = -c**3 - 16*c**2 + 9*c - 6. Let p be o(-18). Suppose 0 = 9*s - 4*s - p. Calculate the highest common divisor of s and 64.
32
Let w(g) = 2*g**2 + 2*g + 13. Let r be w(-3). Suppose -4*n + 65 = r. What is the highest common divisor of 80 and n?
10
Suppose 2*z - 158 = 2*s, -s - 145 = -5*z + 242. Suppose -6*j - k - 21 = -9*j, k + 35 = 5*j. What is the greatest common divisor of z and j?
7
Suppose 3*n - 25